{"id":20,"date":"2015-10-03T21:04:26","date_gmt":"2015-10-03T19:04:26","guid":{"rendered":"http:\/\/emma.kvapil.se\/?page_id=20"},"modified":"2022-09-25T21:53:28","modified_gmt":"2022-09-25T19:53:28","slug":"kontakta-oss","status":"publish","type":"page","link":"https:\/\/rozeprodukter.se\/?page_id=20","title":{"rendered":"Kontakta oss"},"content":{"rendered":"\n<p>Har du n\u00e5gra fr\u00e5gor \u00e4r du alltid v\u00e4lkommen att h\u00f6ra av dig till oss!<\/p>\n\n\n\n<p>Vi svarar normalt inom en arbetsdag via telefon eller e-post.<\/p>\n\n\n\n<p><br><strong>Telefon<\/strong><br><a href=\"tel:+468881988\">+46 8 88 19 88<\/a><br><a href=\"tel:+46706886220\u202c\">+46 70 688 62 20\u202c<\/a><\/p>\n\n\n\n<p><br> <p><strong>E-post<\/strong><br><a href=\"mailto:info@rozeprodukter.se\">info@rozeprodukter.se<\/a><\/p><\/p>\n","protected":false},"excerpt":{"rendered":"<p>Har du n\u00e5gra fr\u00e5gor \u00e4r du alltid v\u00e4lkommen att h\u00f6ra av dig till oss! Vi svarar normalt inom en arbetsdag via telefon eller e-post. Telefon+46 8 88 19 88+46 70 688 62 20\u202c E-postinfo@rozeprodukter.se<\/p>\n","protected":false},"author":1,"featured_media":0,"parent":0,"menu_order":0,"comment_status":"closed","ping_status":"closed","template":"","meta":[],"_links":{"self":[{"href":"https:\/\/rozeprodukter.se\/index.php?rest_route=\/wp\/v2\/pages\/20"}],"collection":[{"href":"https:\/\/rozeprodukter.se\/index.php?rest_route=\/wp\/v2\/pages"}],"about":[{"href":"https:\/\/rozeprodukter.se\/index.php?rest_route=\/wp\/v2\/types\/page"}],"author":[{"embeddable":true,"href":"https:\/\/rozeprodukter.se\/index.php?rest_route=\/wp\/v2\/users\/1"}],"replies":[{"embeddable":true,"href":"https:\/\/rozeprodukter.se\/index.php?rest_route=%2Fwp%2Fv2%2Fcomments&post=20"}],"version-history":[{"count":20,"href":"https:\/\/rozeprodukter.se\/index.php?rest_route=\/wp\/v2\/pages\/20\/revisions"}],"predecessor-version":[{"id":142,"href":"https:\/\/rozeprodukter.se\/index.php?rest_route=\/wp\/v2\/pages\/20\/revisions\/142"}],"wp:attachment":[{"href":"https:\/\/rozeprodukter.se\/index.php?rest_route=%2Fwp%2Fv2%2Fmedia&parent=20"}],"curies":[{"name":"wp","href":"https:\/\/api.w.org\/{rel}","templated":true}]}}